3
Let d(n) = -n**3 - 2*n**2 + 7*n + 6. Let s be d(-4). Suppose -8 - s = -3*z. What are the prime factors of (-22)/(-6) - 4/z?
3
Let d(a) = 7*a**3 - 1. Let x be d(1). What are the prime factors of (14/(-3))/((-4)/x)?
7
Let y(n) = -n**2 + 2. Let j be y(-7). Let g = j + 76. List the prime factors of g.
29
Let q(v) = -v**2 - 11*v - 8. Let j be q(-10). Suppose -j*i + 7 + 1 = 4*f, 0 = -3*i - f + 32. Suppose -2*d + i = 2*d. What are the prime factors of d?
3
Let t(v) be the first derivative of v**3/3 + v**2 + 4*v + 1. What are the prime factors of t(-4)?
2, 3
Let t(v) = 145*v**2 + v - 1. Let b be t(1). Suppose -4*f = -53 - 27. List the prime factors of b/f - (-1)/(-4).
7
Suppose 4*h - 156 + 36 = 0. Suppose g + h = 4*g. What are the prime factors of g?
2, 5
Let l be (-99)/2*(-6)/9. Let r be 1479/l - 8/(-44). Suppose 19 + r = 4*j. What are the prime factors of j?
2
Suppose -4*b = b - 385. List the prime factors of b.
7, 11
Let b = -4 + 10. Let p be (-56)/(-6) + (-2)/b. Let l = -2 + p. List the prime factors of l.
7
Suppose 2*x - 2*n - 257 = n, 0 = 2*x + 3*n - 227. List the prime factors of x.
11
Let z(v) = 2*v**2 - 6*v + 4. What are the prime factors of z(5)?
2, 3
Suppose -57 = -3*c - 3*x, 0*c - 5*x = -2*c + 17. Suppose 60 = 4*d - c. What are the prime factors of d?
19
What are the prime factors of (0 + 164)*2/8 - 4?
37
Suppose -3*u + 2*u + 5 = 0. Suppose u*d = x - 0*d - 27, -4*d - 8 = 0. What are the prime factors of x?
17
Let j(f) = -f**2 - 10*f + 14. Let s be j(-11). What are the prime factors of 19 + 0 + -2 - s?
2, 7
Let u(m) = 12*m**2 - 3*m + 1. List the prime factors of u(-3).
2, 59
What are the prime factors of ((-6)/(-1))/(15/40)?
2
Suppose -5*t - 4 = 6, -5*i = -3*t - 91. Let a = -13 + 3. Let j = i + a. What are the prime factors of j?
7
Let u(o) = -2*o - 2. Let y be u(-2). Suppose -5*x = -4*w + 1, 7*w - 5*w - y = 2*x. Suppose -5*a = 4*d - 36, -d + x*a = 1 - 10. What are the prime factors of d?
3
Let a be 6/(-18)*-2*3. Let y = a + 5. What are the prime factors of y?
7
Let x be 2/(-6) + 58/(-6). Let o be (-4)/x + 36/10. Suppose 17 + o = 3*q. What are the prime factors of q?
7
Let g be (-18 - 2)/(2 + -4). Suppose -m = 4*m - g. List the prime factors of (-2)/((4/m)/(-18)).
2, 3
Let u(r) = -3*r - 9. Let i be u(-6). Let y be 25/(-20) - 9/12. List the prime factors of y/(-9) - (-70)/i.
2
Let j = 40 - 16. Let u be 38/8 + 9/(-12). Suppose -u*w - j = -8*w. List the prime factors of w.
2, 3
List the prime factors of (16 - 1) + 4/(-1).
11
Suppose 0 = -2*w + 8 - 20. Let l be 1/((-1)/15 - 0). Let d = w - l. List the prime factors of d.
3
Suppose 5*d = 4*d + 32. Suppose p = d - 9. List the prime factors of p.
23
Let j(i) = -2*i - i + 0*i + 5*i - 3. Let p be j(3). Suppose p*b - 8 = 4. What are the prime factors of b?
2
Let b(r) = 2*r + 3. Let x be b(-3). Let m be x/12 - (-75)/12. Let a = 2 + m. List the prime factors of a.
2
Let t = 388 - 181. List the prime factors of t.
3, 23
Suppose -2*y = 3*y - 15. Suppose -y - 1 = -2*f. Suppose -2 = -f*d, m + 2*d = 12 + 1. What are the prime factors of m?
11
Let a(h) = h**3 + h**2 + h + 2. Let x be a(0). Let p = 2 + x. Suppose -4*i + 5*i = p. List the prime factors of i.
2
Let r be -67 + (-1 + 1 - -3). Let u = -41 - r. What are the prime factors of u?
23
Let c(m) = 2*m**2 + 4*m - 4*m**2 + 3*m**2 + 7. List the prime factors of c(-5).
2, 3
List the prime factors of (-6)/(-1) - (2 - 290).
2, 3, 7
Let x(s) be the first derivative of s**2/2 + 4*s + 3. Let a be x(-3). Suppose 15 = 4*y - t + a, -t = y - 1. List the prime factors of y.
3
Let i(f) = -f**2 + 4*f + 1. Let u be i(3). Let x(a) = a**2 - a - 5. List the prime factors of x(u).
7
Suppose -32 = -3*j - 4*w, 4*j - 2*w + 9 = 3*w. Let c be 1*(-3 - 25)/(-4). Suppose -c = -p + j. What are the prime factors of p?
11
What are the prime factors of (114/(-7))/((-9)/63)?
2, 3, 19
Suppose 331 - 31 = 5*c. What are the prime factors of c?
2, 3, 5
Let k(n) = n**2 + 2*n + 3. Suppose y - 5*y = -12. Suppose y*r + 13 = -2. List the prime factors of k(r).
2, 3
Suppose 2*h = 3 + 3. Suppose 3*q + 9 = 3*m, -6*q - 9 = -2*m - h*q. What are the prime factors of 1 + m - 1/(-1)?
2
What are the prime factors of 355/10 - (-3)/2?
37
Let p(a) be the second derivative of a**3/6 + 45*a**2/2 - a. Let c be p(0). Suppose -2*o - o = -c. List the prime factors of o.
3, 5
Let y be (10/(-20))/((-1)/(-86)). Let v = 80 + y. List the prime factors of v.
37
Let s = 20 + -14. What are the prime factors of s/(-12) + (-67)/(-2)?
3, 11
Let o(q) be the third derivative of q**7/2520 - q**6/360 - q**5/60 - 2*q**2. Let s(c) be the third derivative of o(c). List the prime factors of s(6).
2, 5
Let n(w) = -w**3 + 13*w**2 - w - 2. Let r(s) = s**3 - 12*s**2 + s + 1. Let o(y) = -6*n(y) - 7*r(y). List the prime factors of o(5).
5
Suppose m = -m. Suppose -3*j + l + 35 = m, -j = -l - 3*l - 8. What are the prime factors of j?
2, 3
Let z(s) = -2*s - 11. Let y(g) = g**2 - 10*g + 8. Suppose 9 = 3*d + 3*w, 0*d - 3*d = -w - 29. Let f be y(d). What are the prime factors of z(f)?
5
Let c(r) = 8*r**2 + r. Suppose 3*m - 13 = -y - 3, -2*y - 16 = -3*m. Let w = y - -1. List the prime factors of c(w).
7
Suppose 14*c = 9*c + 115. List the prime factors of c.
23
Let q(k) = -k**2 - 5*k + 6. Let x(s) = s**3 + 9*s**2 + 9*s + 3. Let t be x(-8). What are the prime factors of q(t)?
2, 3
Suppose 0 = -2*h + 85 + 1. List the prime factors of h.
43
Suppose 4*u - 176 = 4*k, -u + 4*u = 0. Let n = 67 + k. List the prime factors of n.
23
Let h = 113 + -416. Let x be 0 + 1 + 78/3. List the prime factors of (-6)/x + h/(-27).
11
Suppose -44*y = -38*y - 912. What are the prime factors of y?
2, 19
Let r(m) = -7*m - 8. Let o be r(-12). Let j = 114 - o. What are the prime factors of j?
2, 19
Suppose 2*d - 16 = 4*w, w = -d - 1 - 0. Let o be 340/(-55) - d/(-11). List the prime factors of (-3)/(o + 0)*16.
2
Let r(f) = f**3 - 11*f**2 - 12*f - 9. What are the prime factors of r(13)?
173
Suppose a + 5 + 35 = 0. What are the prime factors of (-344)/a + (-4)/(-10)?
3
Suppose -5*r + 805 = 4*o, 2*o - r - 2*r - 375 = 0. List the prime factors of o.
3, 5, 13
Let z be (-4 + 5)*47/1. Suppose -2*j + 3*u + z = 0, -4*u = u - 5. What are the prime factors of j?
5
Let z(s) = -6*s - 25. What are the prime factors of z(-12)?
47
Suppose 4*n - 12 - 4 = 0. Suppose 3 = -n*i + 2*i + 5*r, 33 = 4*i + 3*r. Suppose 5*z = -5*k, -i = z - 3. List the prime factors of k.
3
Suppose 216 = -q + 4*q. List the prime factors of q.
2, 3
Suppose -4*d + 0*d + 12 = 0. Suppose c + 50 = 5*g - c, -1 = -2*g - d*c. What are the prime factors of g?
2
Let c = -136 - -269. List the prime factors of c.
7, 19
Let o be (-57)/(-15) + (-2)/(-10). Suppose 5*m = o*y + 176, y + 8 = -y. What are the prime factors of m?
2
Let t = 92 - 50. Let k = -20 + t. List the prime factors of k.
2, 11
Let n(x) = -x**2 - 6*x - 4. Suppose 28 = -3*t - 4*v - 0*v, 5*v + 20 = 0. What are the prime factors of n(t)?
2
Let x(a) = -a**2 + 2*a - 1. Let s be x(3). Let p be -3*(s + 3) + 1. Suppose 80 = 7*m - 3*m + 5*y, -p*y + 76 = 4*m. List the prime factors of m.
3, 5
What are the prime factors of (-492)/(-8) - (-2)/(-4)?
61
Suppose -22*a + 30 = -20*a. List the prime factors of a.
3, 5
Suppose -4*o = -g + 93 - 35, -5*g = 4*o - 290. What are the prime factors of g?
2, 29
Let y = -8 + 12. Suppose y*u - 51 = 45. What are the prime factors of u?
2, 3
Let v be ((-6)/(-8))/((-4)/(-16)). Suppose 0 = q - 0*q + v. List the prime factors of (-29)/q - (-2)/(-3).
3
Let n(g) = -g**2 + 6*g. Let q be n(6). Suppose q = 3*j - 5*w - 38, 3*j - 15 = 3*w + 33. What are the prime factors of j?
3, 7
Suppose -4*v + 4*g + 16 = 0, 0*v + 4*v = 2*g + 22. Let q be 1/2 + v/2. Suppose 7*j - 4*j = -q*w + 8, w = 3*j - 13. List the prime factors of j.
2
Let z = 4 + 2. Suppose 0 = -2*c + 10 + z. What are the prime factors of c?
2
Let n(b) = b**3 - 7*b**2 + 6*b - 4. Let m be n(5). Let h = 37 + m. List the prime factors of h.
13
Let w(o) = o. Let x be w(6). Let m be (-312)/(-9) + (-4)/x. Suppose m = -v + 2*v - 5*a, 2*a = -10. List the prime factors of v.
3
Suppose -4*z - 46 = w, -2*w = -w - 4*z + 78. Let f = -34 - w. What are the prime factors of f?
2, 7
Let m = -16 + 0. Let x = -10 - m. What are the prime factors of x?
2, 3
Let a(h) = -4*h + 2. Let u(g) = -g**3 - 2. Let x = 3 - 3. L